{"id":9,"date":"2015-05-18T10:13:33","date_gmt":"2015-05-18T10:13:33","guid":{"rendered":"http:\/\/nenufee-therapies.ch\/wordpress\/?page_id=9"},"modified":"2020-05-27T17:36:57","modified_gmt":"2020-05-27T15:36:57","slug":"therapies","status":"publish","type":"page","link":"https:\/\/nenufee-therapies.ch\/wordpress\/therapies\/","title":{"rendered":"Elixirs"},"content":{"rendered":"<p style=\"text-align: justify;\">Les \u00e9lixirs vont vous permettre de travailler sur les \u00e9motions, les blocages, les incompr\u00e9hensions, etc. Ils vont vous apporter toute la douceur des fleurs, des arbres, des cristaux, des lieux et des animaux.&nbsp;Chaque \u00e9lixir est choisi pour vous ou vos animaux suivant ce que vous vivez au moment de la pr\u00e9paration.<\/p>\n","protected":false},"excerpt":{"rendered":"<p>Les \u00e9lixirs vont vous permettre de travailler sur les \u00e9motions, les blocages, les incompr\u00e9hensions, etc. Ils vont vous apporter toute la douceur des fleurs, des arbres, des cristaux, des lieux et des animaux.&nbsp;Chaque \u00e9lixir est choisi pour vous ou vos animaux suivant ce que vous vivez au moment de la pr\u00e9paration.<\/p>\n","protected":false},"author":2,"featured_media":0,"parent":0,"menu_order":5,"comment_status":"closed","ping_status":"closed","template":"","meta":{"_exactmetrics_skip_tracking":false,"_exactmetrics_sitenote_active":false,"_exactmetrics_sitenote_note":"","_exactmetrics_sitenote_category":0,"footnotes":""},"class_list":["post-9","page","type-page","status-publish","hentry"],"_links":{"self":[{"href":"https:\/\/nenufee-therapies.ch\/wordpress\/wp-json\/wp\/v2\/pages\/9","targetHints":{"allow":["GET"]}}],"collection":[{"href":"https:\/\/nenufee-therapies.ch\/wordpress\/wp-json\/wp\/v2\/pages"}],"about":[{"href":"https:\/\/nenufee-therapies.ch\/wordpress\/wp-json\/wp\/v2\/types\/page"}],"author":[{"embeddable":true,"href":"https:\/\/nenufee-therapies.ch\/wordpress\/wp-json\/wp\/v2\/users\/2"}],"replies":[{"embeddable":true,"href":"https:\/\/nenufee-therapies.ch\/wordpress\/wp-json\/wp\/v2\/comments?post=9"}],"version-history":[{"count":7,"href":"https:\/\/nenufee-therapies.ch\/wordpress\/wp-json\/wp\/v2\/pages\/9\/revisions"}],"predecessor-version":[{"id":1582,"href":"https:\/\/nenufee-therapies.ch\/wordpress\/wp-json\/wp\/v2\/pages\/9\/revisions\/1582"}],"wp:attachment":[{"href":"https:\/\/nenufee-therapies.ch\/wordpress\/wp-json\/wp\/v2\/media?parent=9"}],"curies":[{"name":"wp","href":"https:\/\/api.w.org\/{rel}","templated":true}]}}