{"id":50,"date":"2015-05-18T10:25:21","date_gmt":"2015-05-18T10:25:21","guid":{"rendered":"http:\/\/nenufee-therapies.ch\/wordpress\/?page_id=50"},"modified":"2021-12-11T15:35:08","modified_gmt":"2021-12-11T13:35:08","slug":"reiki-2","status":"publish","type":"page","link":"https:\/\/nenufee-therapies.ch\/wordpress\/reiki-2\/","title":{"rendered":"Soins \u00e9nerg\u00e9tiques"},"content":{"rendered":"<p style=\"text-align: justify;\">Les soins \u00e9nerg\u00e9tiques de l&rsquo;espace N\u00e9nuF\u00e9e se d\u00e9roulent allong\u00e9s sur une table de massage tout en restant habill\u00e9.<\/p>\n<p>Selon le soin souhait\u00e9, le praticien pose ou impose les mains sur la personne. La s\u00e9ance se d\u00e9roule avec le son d&rsquo;une musique douce.<\/p>\n<p style=\"text-align: justify;\">A la fin de la s\u00e9ance, je vous laisserais un moment pour refaire surface apr\u00e8s ce moment de bien-\u00eatre. Ensuite nous pourrons partager les ressentis.<br \/>\nLes soins \u00e9nerg\u00e9tiques pr\u00e9sentent de nombreux avantages \u00e0 savoir calmer le mental, soigner le physique et \u00e9quilibrer l\u2019\u00e9motionnel. Ils\u00a0 ne se substituent, toutefois en aucun cas \u00e0 la m\u00e9decine conventionnelle et aux traitements m\u00e9dicamenteux.<\/p>\n<p>N&rsquo;h\u00e9sitez pas \u00e0 cliquer sur la page qui vous int\u00e9resse \u00ab\u00a0<a href=\"https:\/\/nenufee-therapies.ch\/wordpress\/reiki-2\/reiki\/\"><span style=\"color: #3366ff;\">Reiki<\/span><\/a>\u00a0\u00bb &#8211; \u00ab\u00a0<a href=\"http:\/\/nenufee-therapies.ch\/wordpress\/reiki-2\/access-bars\/\"><span style=\"color: #3366ff;\">Access Bars<\/span><\/a>\u00a0\u00bb &#8211; \u00ab\u00a0<a href=\"http:\/\/nenufee-therapies.ch\/wordpress\/reiki-2\/massagestpc-therapie-par-la-couleur-et-le-son\/\"><span style=\"color: #3366ff;\">TPC par la couleur et le son<\/span><\/a>\u00a0\u00bb<\/p>\n<p>Vous pouvez \u00e9galement me contacter pour un rendez-vous en utilisant le formulaire de contact ou mon num\u00e9ro de t\u00e9l\u00e9phone pr\u00e9sent dans la page \u00ab <a href=\"http:\/\/nenufee-therapies.ch\/wordpress\/contact\/\"><span style=\"color: #3366ff;\">Contact<\/span><\/a> \u00bb<\/p>\n<p style=\"text-align: justify;\"><img loading=\"lazy\" decoding=\"async\" class=\"aligncenter size-full wp-image-238\" src=\"http:\/\/nenufee-therapies.ch\/wordpress\/wp-content\/uploads\/2015\/05\/arbre.jpg\" alt=\"arbre\" width=\"120\" height=\"161\" \/><\/p>\n<p style=\"text-align: center;\"><em>\u00ab\u00a0N\u2019oublie jamais l\u2019arbre que tu es. Ne perds jamais contact avec tes racines et laisse monter en toi sa s\u00e8ve et sa verticalit\u00e9\u00a0\u00bb<\/em><\/p>\n<p style=\"text-align: center;\">B. Berset<\/p>\n<p style=\"text-align: justify;\">\n<p class=\"p22195\" style=\"text-align: justify;\">\n<p class=\"p22195\" style=\"text-align: justify;\">\n","protected":false},"excerpt":{"rendered":"<p>Les soins \u00e9nerg\u00e9tiques de l&rsquo;espace N\u00e9nuF\u00e9e se d\u00e9roulent allong\u00e9s sur une table de massage tout en restant habill\u00e9. Selon le soin souhait\u00e9, le praticien pose ou impose les mains sur la personne. La s\u00e9ance se d\u00e9roule avec le son d&rsquo;une musique douce. A la fin de la s\u00e9ance, je vous laisserais un moment pour refaire [&hellip;]<\/p>\n","protected":false},"author":2,"featured_media":0,"parent":0,"menu_order":1,"comment_status":"closed","ping_status":"closed","template":"","meta":{"_exactmetrics_skip_tracking":false,"_exactmetrics_sitenote_active":false,"_exactmetrics_sitenote_note":"","_exactmetrics_sitenote_category":0,"footnotes":""},"class_list":["post-50","page","type-page","status-publish","hentry"],"_links":{"self":[{"href":"https:\/\/nenufee-therapies.ch\/wordpress\/wp-json\/wp\/v2\/pages\/50","targetHints":{"allow":["GET"]}}],"collection":[{"href":"https:\/\/nenufee-therapies.ch\/wordpress\/wp-json\/wp\/v2\/pages"}],"about":[{"href":"https:\/\/nenufee-therapies.ch\/wordpress\/wp-json\/wp\/v2\/types\/page"}],"author":[{"embeddable":true,"href":"https:\/\/nenufee-therapies.ch\/wordpress\/wp-json\/wp\/v2\/users\/2"}],"replies":[{"embeddable":true,"href":"https:\/\/nenufee-therapies.ch\/wordpress\/wp-json\/wp\/v2\/comments?post=50"}],"version-history":[{"count":29,"href":"https:\/\/nenufee-therapies.ch\/wordpress\/wp-json\/wp\/v2\/pages\/50\/revisions"}],"predecessor-version":[{"id":1797,"href":"https:\/\/nenufee-therapies.ch\/wordpress\/wp-json\/wp\/v2\/pages\/50\/revisions\/1797"}],"wp:attachment":[{"href":"https:\/\/nenufee-therapies.ch\/wordpress\/wp-json\/wp\/v2\/media?parent=50"}],"curies":[{"name":"wp","href":"https:\/\/api.w.org\/{rel}","templated":true}]}}