{"id":351,"date":"2015-08-21T14:18:24","date_gmt":"2015-08-21T14:18:24","guid":{"rendered":"http:\/\/nenufee-therapies.ch\/?page_id=351"},"modified":"2025-09-22T12:35:43","modified_gmt":"2025-09-22T10:35:43","slug":"conditions","status":"publish","type":"page","link":"http:\/\/nenufee-therapies.ch\/wordpress\/reiki\/conditions\/","title":{"rendered":"Conditions"},"content":{"rendered":"<p style=\"text-align: center;\"><strong>Conditions pour\u00a0 la participation aux formations de l&rsquo;Espace N\u00e9nuF\u00e9e<\/strong><\/p>\n<ul>\n<li style=\"list-style-type: none;\">\n<ul>\n<li style=\"text-align: justify;\">L\u2019inscription \u00e0 un cours assure que votre place est <strong>r\u00e9serv\u00e9e<\/strong>.<\/li>\n<li style=\"text-align: justify;\">Cette r\u00e9servation implique <strong>le respect de l\u2019engagement,<\/strong><\/li>\n<li style=\"text-align: justify;\"><strong><strong>Le paiement se fait \u00e0 l&rsquo;inscription ou au plus tard dans un d\u00e9lai de 3 semaines. Sur le compte: <\/strong><\/strong><\/li>\n<li style=\"text-align: justify;\"><strong>Banque cantonale de Fribourg. N\u00b0 IBAN CH03 0076 8300 1614 8250 5, au nom de Patricia Bugnon, Rte de Misery 66, 1721 Cournillens<\/strong><\/li>\n<li style=\"text-align: justify;\"><strong style=\"font-size: revert;\">Aucun remboursement ne sera effectu\u00e9.<\/strong><\/li>\n<li style=\"text-align: justify;\"><strong>L&rsquo;inscription via internet confirme que le montant est d\u00fb, aupr\u00e8s de l&rsquo;Espace N\u00e9nuF\u00e9e ou du Centre Surya).\u00a0<\/strong><\/li>\n<li style=\"text-align: justify;\"><strong>En cas de d\u00e9sistement, le report \u00e0 une date ult\u00e9rieure est possible, \u00e0 d\u00e9finir imm\u00e9diatement.<\/strong><\/li>\n<li style=\"text-align: justify;\"><strong>Le 1er rappel de paiement est sans frais.<\/strong><\/li>\n<li style=\"text-align: justify;\"><strong>Le 2e rappel de paiement est factur\u00e9 CHF 20.-.<\/strong><\/li>\n<li style=\"text-align: justify;\"><strong>En cas d&rsquo;annulation du cours de l&rsquo;espace N\u00e9nuF\u00e9e<\/strong>, celui-ci peut \u00eatre report\u00e9 ou rembours\u00e9.<\/li>\n<\/ul>\n<\/li>\n<\/ul>\n<p class=\"text-align-justify\"><strong>D\u00e8s 2026, le Centre Surya renonce \u00e0 la reconnaissance ASCA<\/strong><span class=\"\">\u00a0pour diff\u00e9rentes raisons, dont la forte diminution des participations aux cours de Reiki et les conditions toujours plus exigeantes pour les th\u00e9rapeutes et praticiens.<\/span><\/p>\n<p class=\"text-align-justify\"><span class=\"\">Malgr\u00e9 un enseignement de qualit\u00e9 et l&rsquo;exigence de notre \u00e9cole, il ne nous est plus possible de supporter les frais li\u00e9s \u00e0 la reconnaissance ASCA.<\/span><\/p>\n<p class=\"text-align-justify\"><span class=\"\">Le Reiki a vu une \u00e9volution (pas forc\u00e9ment positive) avec de nombreuses formations fast-food que le Centre Surya ne cautionne pas.<\/span><\/p>\n<p class=\"text-align-justify\">Nous continuerons d&rsquo;enseigner avec les m\u00eames exigences, la m\u00eame \u00e9thique et le m\u00eame respect de l&rsquo;enseignement du Reiki, tel qu&rsquo;il a \u00e9t\u00e9 transmis de g\u00e9n\u00e9ration en g\u00e9n\u00e9ration, sans en alt\u00e9rer le contenu.<\/p>\n<p class=\"text-align-justify\"><strong>Le Reiki \u00e9tant un outil extraordinaire<\/strong>, l&rsquo;essentiel de la formation en Reiki est d&rsquo;offrir, \u00e0 chaque personne, la possibilit\u00e9 d&rsquo;apprendre une technique de soins \u00e9nerg\u00e9tiques, une philosophie de vie, \u00e0 la port\u00e9e de chacun.e.<\/p>\n<ul>\n<li style=\"list-style-type: none;\"><\/li>\n<\/ul>\n<ul>\n<li style=\"list-style-type: none;\"><\/li>\n<\/ul>\n<ul>\n<li style=\"list-style-type: none;\"><\/li>\n<\/ul>\n<ul>\n<li style=\"list-style-type: none;\">\n<ul>\n<li style=\"list-style-type: none;\">\n<ul>\n<li style=\"list-style-type: none;\"><\/li>\n<\/ul>\n<\/li>\n<\/ul>\n<\/li>\n<\/ul>\n","protected":false},"excerpt":{"rendered":"<p>Conditions pour\u00a0 la participation aux formations de l&rsquo;Espace N\u00e9nuF\u00e9e L\u2019inscription \u00e0 un cours assure que votre place est r\u00e9serv\u00e9e. Cette r\u00e9servation implique le respect de l\u2019engagement, Le paiement se fait \u00e0 l&rsquo;inscription ou au plus tard dans un d\u00e9lai de 3 semaines. Sur le compte: Banque cantonale de Fribourg. N\u00b0 IBAN CH03 0076 8300 1614 [&hellip;]<\/p>\n","protected":false},"author":2,"featured_media":0,"parent":7,"menu_order":10,"comment_status":"closed","ping_status":"closed","template":"","meta":{"_exactmetrics_skip_tracking":false,"_exactmetrics_sitenote_active":false,"_exactmetrics_sitenote_note":"","_exactmetrics_sitenote_category":0,"footnotes":""},"class_list":["post-351","page","type-page","status-publish","hentry"],"_links":{"self":[{"href":"http:\/\/nenufee-therapies.ch\/wordpress\/wp-json\/wp\/v2\/pages\/351","targetHints":{"allow":["GET"]}}],"collection":[{"href":"http:\/\/nenufee-therapies.ch\/wordpress\/wp-json\/wp\/v2\/pages"}],"about":[{"href":"http:\/\/nenufee-therapies.ch\/wordpress\/wp-json\/wp\/v2\/types\/page"}],"author":[{"embeddable":true,"href":"http:\/\/nenufee-therapies.ch\/wordpress\/wp-json\/wp\/v2\/users\/2"}],"replies":[{"embeddable":true,"href":"http:\/\/nenufee-therapies.ch\/wordpress\/wp-json\/wp\/v2\/comments?post=351"}],"version-history":[{"count":24,"href":"http:\/\/nenufee-therapies.ch\/wordpress\/wp-json\/wp\/v2\/pages\/351\/revisions"}],"predecessor-version":[{"id":2321,"href":"http:\/\/nenufee-therapies.ch\/wordpress\/wp-json\/wp\/v2\/pages\/351\/revisions\/2321"}],"up":[{"embeddable":true,"href":"http:\/\/nenufee-therapies.ch\/wordpress\/wp-json\/wp\/v2\/pages\/7"}],"wp:attachment":[{"href":"http:\/\/nenufee-therapies.ch\/wordpress\/wp-json\/wp\/v2\/media?parent=351"}],"curies":[{"name":"wp","href":"https:\/\/api.w.org\/{rel}","templated":true}]}}